d 478678.
274
Calculate the greatest common factor of 376710276 and 204.
204
Calculate the highest common divisor of 137178 and 10908.
18
What is the highest common factor of 35518 and 14233?
43
What is the greatest common factor of 6974 and 635338?
22
What is the greatest common factor of 7475 and 2064595?
1495
Calculate the highest common divisor of 26621537 and 8286.
1381
What is the highest common divisor of 588266349 and 429?
33
Calculate the greatest common divisor of 160 and 1401220.
20
Calculate the highest common divisor of 33376 and 98489.
149
What is the highest common divisor of 73 and 825913167?
73
What is the highest common factor of 3728 and 195032?
8
Calculate the greatest common divisor of 109098 and 26036802.
3762
What is the greatest common factor of 30372 and 7188?
12
Calculate the highest common factor of 22641 and 2469.
3
Calculate the greatest common divisor of 264600 and 2508450.
1050
What is the greatest common divisor of 12 and 167465154?
6
What is the highest common factor of 2213052 and 598748?
3308
What is the greatest common factor of 139903 and 11253?
31
Calculate the greatest common divisor of 192 and 72382704.
48
Calculate the highest common factor of 187659 and 203.
29
What is the greatest common factor of 407823235 and 69?
23
What is the highest common factor of 347624 and 17176?
152
What is the greatest common divisor of 69187980 and 300?
60
What is the greatest common divisor of 1907902 and 212396?
3662
What is the highest common factor of 2731801 and 19?
19
What is the highest common divisor of 92449 and 64813?
329
Calculate the highest common factor of 39 and 8435505.
39
What is the highest common divisor of 78873615 and 9?
9
Calculate the greatest common divisor of 1695 and 911055.
15
Calculate the greatest common factor of 220 and 656252.
4
What is the greatest common divisor of 684106 and 1296032?
802
What is the highest common factor of 60096437 and 27461?
3923
What is the highest common factor of 200 and 83443625?
25
What is the greatest common factor of 12 and 1330693920?
12
Calculate the highest common factor of 311397 and 6831.
69
What is the highest common factor of 26181 and 206655360?
8727
Calculate the greatest common factor of 4208383 and 213.
71
Calculate the highest common factor of 131271 and 3766959.
399
Calculate the highest common divisor of 11115 and 89680.
95
Calculate the greatest common divisor of 87453 and 119925.
369
What is the greatest common factor of 421343 and 5174?
13
Calculate the highest common divisor of 5034 and 8368186.
1678
Calculate the highest common factor of 396 and 281908.
44
Calculate the highest common factor of 383165 and 1248690.
1945
Calculate the highest common factor of 27342 and 2847474.
3906
What is the highest common factor of 297 and 4490046?
297
Calculate the highest common factor of 369 and 7840143.
369
What is the highest common divisor of 12 and 6002505?
3
What is the greatest common divisor of 312 and 1299518532?
156
What is the highest common factor of 1500 and 2831750?
250
What is the greatest common divisor of 6132 and 1052625?
21
Calculate the greatest common divisor of 1144 and 2218333832.
1144
What is the greatest common divisor of 1452398 and 14060?
1406
Calculate the highest common factor of 117908 and 3472.
28
Calculate the greatest common factor of 6195 and 73957149.
1239
What is the greatest common factor of 25816 and 32050103?
461
Calculate the greatest common factor of 16109 and 9187198.
181
What is the highest common divisor of 24896 and 14799116?
1556
Calculate the greatest common factor of 1030 and 76011322.
206
What is the highest common factor of 3501 and 6677574?
1167
What is the greatest common divisor of 1712892 and 10470?
2094
What is the greatest common factor of 28854 and 606732?
42
What is the greatest common divisor of 43440 and 42045?
15
What is the greatest common divisor of 2907241 and 1328?
83
Calculate the greatest common factor of 134575408 and 352.
176
What is the greatest common divisor of 211689472 and 8?
8
What is the greatest common divisor of 2957157 and 760806?
657
Calculate the highest common divisor of 33088 and 2585.
517
What is the greatest common divisor of 79330 and 640?
10
Calculate the greatest common divisor of 1977878 and 14.
14
What is the greatest common divisor of 18502 and 52602?
22
What is the greatest common factor of 1423575 and 78489?
1539
What is the highest common divisor of 1720 and 7801576?
344
What is the greatest common factor of 996 and 112318256?
332
What is the highest common divisor of 1048695 and 1257045?
6945
What is the highest common divisor of 5640 and 1024553?
47
What is the highest common factor of 165495 and 6402880?
935
What is the greatest common factor of 3355 and 1408?
11
What is the greatest common factor of 126 and 119891562?
42
What is the highest common factor of 15165 and 17992430?
1685
Calculate the highest common divisor of 194 and 9982755.
97
What is the greatest common factor of 8901 and 113262?
129
What is the highest common factor of 156981 and 32802?
2343
Calculate the highest common factor of 275424 and 42408.
456
What is the highest common factor of 20589 and 216?
3
What is the highest common divisor of 58982 and 2?
2
What is the greatest common divisor of 14078992 and 271?
271
Calculate the highest common divisor of 5259 and 373225971.
5259
Calculate the greatest common divisor of 56 and 5449689.
7
What is the highest common factor of 24810 and 43530?
30
Calculate the highest common divisor of 22 and 3530613702.
22
Calculate the greatest common divisor of 114 and 3217574.
38
What is the greatest common divisor of 29469 and 261273?
141
What is the greatest common factor of 84 and 5788986?
42
Calculate the greatest common divisor of 249268 and 137764.
404
Calculate the highest common divisor of 140 and 699535.
5
What is the highest common divisor of 5 and 263621965?
5
Calculate the highest common factor of 2146 and 52050157.
1073
Calculate the highest common divisor of 20 and 713003600.
20
Calculate the highest common divisor of 62264 and 863008.
1448
Calculate the greatest common divisor of 2018 and 39982634.
2018
What is the greatest common factor of 33 and 17931975?
3
What is the highest common divisor of 430437 and 4220193?
597
Calculate the greatest common divisor of 5394900 and 12700800.
14700
What is the highest common divisor of 1937 and 648379758?
1937
Calculate the highest common factor of 281663672 and 3448.
3448
Calculate the highest common divisor of 3100505 and 772265.
545
What is the highest common factor of 11122752 and 1536?
192
Calculate the highest common divisor of 1517 and 12783677.
41
Calculate the highest common divisor of 136 and 97102674.
34
What is the highest common factor of 11946 and 247823752?
3982
What is the highest common divisor of 111328 and 10731?
49
What is the greatest common divisor of 178769154 and 39534?
3594
What is the highest common divisor of 18389 and 1655507?
497
Calculate the greatest common factor of 555068 and 6176.
772
What is the greatest common factor of 528 and 6664752?
48
Calculate the highest common divisor of 6335 and 2506.
7
What is the greatest common factor of 135790 and 268990?
370
What is the greatest common divisor of 2837 and 256?
1
What is the greatest common factor of 13741 and 41041?
91
Calculate the highest common divisor of 27666258 and 70482.
4146
Calculate the highest common factor of 3197 and 6873596.
23
What is the greatest common divisor of 9702132 and 220968?
4092
What is the highest common divisor of 636363 and 114885?
999
What is the highest common divisor of 2155 and 424557412?
431
Calculate the highest common divisor of 819 and 603666.
63
Calculate the highest common divisor of 737 and 1509979.
67
Calculate the greatest common divisor of 230 and 13525334.
46
What is the highest common divisor of 7146 and 266022?
18
Calculate the greatest common divisor of 27503161 and 14.
7
Calculate the greatest common factor of 13099791 and 1465671.
5703
Calculate the greatest common factor of 14917964 and 1672.
76
Calculate the highest common divisor of 680 and 3056770.
170
Calculate the highest common factor of 144957 and 986303.
229
Calculate the greatest common divisor of 128075 and 268